 2. Calculate t(v).
-8
Let a(l) be the second derivative of l**5/20 - 11*l**4/12 - 13*l**3/3 + 5*l**2 + 1422*l + 3. What is a(13)?
10
Let m(j) = -132*j**2 - 109*j**2 + 257*j**2 + 1. Determine m(1).
17
Let x(z) = 2*z**2 + 5*z - 4. Let s = -32 + 36. Suppose -5*q - 3 + 8 = 0, 2*n + s*q = -72. Let v = 33 + n. Calculate x(v).
21
Suppose -r + 5 = 2*w - 4, 0 = -r - w + 5. Let f(v) = v + 79*v**2 - 124*v**2 + 60*v**2. Calculate f(r).
16
Let y(x) = -x + 4. Let m(w) be the first derivative of -3*w**2/2 + 17*w + 42. Let d(q) = 6*m(q) - 26*y(q). Give d(-3).
-26
Let d(r) = 7*r**2 - 16*r + 34. Let q(l) = -17*l**2 + 32*l - 60. Let v(w) = 5*d(w) + 2*q(w). Calculate v(8).
-14
Let c(j) = -j**2 + 34*j - 23. Let i be c(33). Let g be ((-8)/(2 - i))/(2/16). Let t(m) = 3*m + 5. Determine t(g).
29
Let u be (-14)/70 + (-14)/(-20) + (-24)/(-48). Let w(x) = 10*x**2 - 9*x + 10. Give w(u).
11
Let t(u) = 3*u + 2*u**2 - 3*u - u**2 + 3 - 5*u. Suppose 10 = 8*s - 6*s. Suppose -3*g + g - 2*w = -22, 0 = s*g + 4*w - 50. What is t(g)?
9
Let q = -33 + 97. Let i = q + -58. Let c(d) = -6*d**2 + 5 - 1 + i*d**2 + d**2 - 6*d. What is c(5)?
-1
Suppose -x - r + 51 = 0, 3*x - 45 = 2*x + r. Suppose -7*w = -31*w + x. Let y(q) = -5*q - 1. What is y(w)?
-11
Let f be (1/(-2))/(7/742). Let k = f - -50. Let c be 0 + k + (-2 - -7 - 4). Let v(j) = j**2 - j + 2. What is v(c)?
8
Suppose 4*g - 4*i - 488 = 0, 0 = 5*g - 4*g - 5*i - 110. Let z = g + -116. Let l(w) = 2*w - 1. Determine l(z).
17
Let g(o) = o**3 - o**2 - 7*o + 11. Let s(w) = 5*w + 42. Let y be s(-8). Let l be g(y). Let t(k) = -17*k**2 + k. Determine t(l).
-16
Let q be (-3)/(-5) + (402/30 - 8). Let c(d) be the second derivative of d**5/20 - d**4/3 - 4*d**3/3 - d**2/2 - 3*d. What is c(q)?
23
Suppose -a + 4 = 4*t + 3, 2*a - 2 = -t. Let y(r) be the third derivative of r**6/120 - r**4/24 + r**3/2 - 4553*r**2. Give y(t).
3
Let x = 19481 - 19472. Let j(n) = -n**3 + 9*n**2 - 1. What is j(x)?
-1
Let y(r) = -10*r + 4. Let n(g) = 7*g - 4. Let q(s) = 5*n(s) + 4*y(s). Let m(k) = -27*k - 20. Let v(d) = -2*m(d) + 11*q(d). Calculate v(-10).
6
Let s(b) = -b**3 + 7*b**2 - 7*b - 6. Suppose -3*x + 3 = 0, 0*x = -4*r - x - 27. Let y(p) = 2*p**2 + 6*p - 50. Let m be y(r). Calculate s(m).
-12
Let k(m) = 4*m + 4. Let s(i) = -2*i - 36. Let b be s(-21). Let o be (203/42 - 5) + 67/b. Let f = 5 - o. Calculate k(f).
-20
Let o be (-411)/(-78) + 15/65. Let v(k) be the first derivative of o*k**2 + 2*k + 3. Calculate v(-2).
-20
Let l(s) = 53*s**2 - 79*s + 149. Let h(p) = 11*p**2 - 16*p + 30. Let n(i) = -19*h(i) + 4*l(i). Give n(6).
62
Let d be ((-16)/(-3))/4*3/1. Let t(h) = 78*h + 3 + 2 - 4*h**2 - 85*h. Let j(l) = 5*l**2 + 7*l - 4. Let c(m) = d*t(m) + 3*j(m). Determine c(-6).
14
Let v(w) be the first derivative of -w**4/4 - 2*w**3/3 + 2*w**2 + 7*w - 62649. Suppose -2*r + 4 = -4, -4*q - 24 = -3*r. What is v(q)?
4
Let o(c) = -2*c + 6. Let f(r) = r**3 - 20*r**2 + 34*r + 21. Let b be f(18). Let q be (-50)/b*(-6)/4. Give o(q).
16
Let q(f) = 18*f**2 + f. Let h be 4 + (-34)/8 + 24/(-32). Let m be (5 + (7 - 10))/(h*2). Give q(m).
17
Let n(u) = 3*u + 3. Let i(k) = -26*k - 187. Suppose -5*m = -2*m - 4*h + 29, 5*m = -h - 33. Let g be i(m). What is n(g)?
-12
Let d(z) = 10*z**2 + 2*z - 2. Let b(n) = n**3 + 67*n**2 - 136*n - 3. Let u be b(2). Calculate d(u).
10
Let h(k) be the second derivative of k**5/20 - k**4/6 - 13*k**3/6 + 3*k**2 - 597*k. What is h(5)?
16
Let g(b) be the first derivative of b**3/3 - b**2 - 48*b - 4383. Determine g(7).
-13
Suppose 2*v + 5 = -v - 4*z, 0 = v + 3*z + 10. Suppose -x = -4*d + 12, -7*x = -3*d - 3*x - 4. Let g(m) = m + v*m - d*m. Determine g(3).
6
Let p(s) = -268*s**2 - 17*s - 12. Let t(r) = 153*r**2 + 9*r + 6. Let l(x) = 4*p(x) + 7*t(x). Let h be (-3)/3*(-2 + 7). What is l(h)?
-6
Let v be 6/(-10) + (-8)/(80/(-66)). Suppose v*k - 360 = k. Suppose -k = -10*b + b. Let t(m) = -m**2 + 8*m + 8. What is t(b)?
8
Let l(d) be the second derivative of -1/3*d**4 - 9 + 1/3*d**3 + 2*d + 3/2*d**2. Determine l(3).
-27
Let y(s) = -5*s - 41. Let o(n) = n**3 - 10*n**2 + 19*n + 2. Let c be o(7). Let i be y(c). Let v(f) = f**2 + i - 3*f - 2*f - 22. Determine v(6).
3
Let d(w) be the second derivative of w**5/20 + 3*w**4/4 + 11*w**3/3 + 54*w**2 - 1750*w. What is d(-8)?
-4
Let r(v) be the first derivative of v**4/4 - 11*v**3/3 + 6*v**2 - 12*v - 804. Determine r(9).
-66
Let x(b) = b**2 - 24*b + 141. Suppose -229*d + 3061 = 313. Determine x(d).
-3
Let y(j) = 7*j**3 - j**2 + 3*j + 1. Let f be y(5). Suppose 3*p = p + f. Let n(i) = -434 + 0*i + i + p. Determine n(2).
1
Let l(y) = -20*y + 6914 - 6918 - 7*y. What is l(-2)?
50
Let r(g) be the third derivative of 5*g**4/24 + 6*g**3 + 258*g**2 + 3. Determine r(-8).
-4
Let w(s) = -20*s**2 - 21*s - 136. Let h(r) = -17*r**2 - 21*r - 118. Let a(o) = 6*h(o) - 5*w(o). Determine a(-10).
-18
Let x(z) = -7*z**2 - 15 + 2*z**2 + 2*z**2 + 4*z**2. Suppose 3*m = 9*m + 14*m + 11*m. Calculate x(m).
-15
Let o(z) = 7*z - 93. Let k be o(11). Let l be 429/104 - (-2)/k. Let a(m) = -2*m**2 + 5*m - 5. Give a(l).
-17
Let p(g) = -g - 9. Let h be 1 + 2 - (-7 - -7). Let a be (-2 + 7 + -8)*h. What is p(a)?
0
Suppose 30 = 2*b - 4*p, -27*b + 26*b = p - 12. Let v(x) = x**2 - 8*x - 9. What is v(b)?
56
Suppose 0 = 120*x + 27343 - 27103. Let n(q) = -3*q - 3*q**2 + 1 - 6 + 4. Determine n(x).
-7
Suppose 58*h = 50*h - 8. Let z be h - 6/4*-2. Suppose -2*n + 5*m - z = m, -13 = -5*n + 4*m. Let w(y) = 5*y - 7. Determine w(n).
18
Let i(v) = 2*v - 3. Suppose m = -2*o, -2 = 4*m + 2*o + 10. What is i(m)?
-11
Let i be 93/15 - (-3)/(-15). Let a(p) be the third derivative of -p**4/24 + 7*p**3/6 - 1266*p**2. Give a(i).
1
Let u(y) = 31*y**2 - 4*y - 23 - 30*y**2 + 9*y - 4. Give u(3).
-3
Let r be 70/(-42) + (-1)/3. Let f(k) be the first derivative of -k**3 - k**2 + k + 384. Calculate f(r).
-7
Suppose -86*p + 109*p - 161 = 0. Let a(z) be the second derivative of 5/6*z**3 + 2*z + 0 - 4*z**2. What is a(p)?
27
Let u(m) = 10*m - 37. Let s(r) = -7*r + 41. Let h(d) = -6*s(d) - 5*u(d). Give h(-8).
3
Let g(f) = -f**2 - 18*f + 9. Let j = -27974 - -27968. Give g(j).
81
Let m(k) = -k**3 - 3*k**2 - 2*k - 3. Let i(u) = -3*u**2 + 100*u - 37. Let t be i(33). Determine m(t).
21
Let d(k) = k**3 - 6*k**2 - 3*k + 2. Let h = -217 - -224. Suppose 4*o + 4*x - 8 = 0, -x - h + 4 = 0. Determine d(o).
-38
Let g(f) be the second derivative of -7*f**4/6 + f**3/3 - f**2/2 + 107*f. Calculate g(1).
-13
Let b(y) = 2*y + 4. Let l = 302 + -301. Suppose -4*f - l = -i, -5*i + 0*f + 5 = -3*f. Give b(i).
6
Let r(y) = y**3 + 11*y**2 + 15*y + 1. Let k be r(-2). Let h(m) = m**3 - 7*m**2 + 7*m - 54. Calculate h(k).
-5
Let s(x) = 93*x + 7. Let q(v) = 508*v + 36. Let a(p) = 2*q(p) - 11*s(p). Give a(5).
-40
Let q(w) = -w**3 - 9*w**2 + 32*w + 18. Let o be q(-12). Let n(l) = 0*l - 66 - l + o. Determine n(-8).
8
Suppose 144*l = 174*l + 112 + 638. Let i(s) = -s**3 - 24*s**2 + 19*s + 12. Calculate i(l).
162
Let m(x) = -x**2 - 12*x - 14. Suppose -13*w + 234 - 299 = 0. Give m(w).
21
Let q = -1 - -2. Let t = -1 + q. Let b(s) be the first derivative of -s**3/3 + s**2/2 + 2*s + 16499. Give b(t).
2
Let m(u) = -5*u**3 + 8*u**2 + 2*u + 5. Let r(k) = 13*k**3 - 23*k**2 - 6*k - 14. Suppose 5*b + 9*b - 42 = 0. Let z(h) = b*r(h) + 8*m(h). What is z(-3)?
-14
Let k(l) = 13*l + 70. Let c be k(-5). Suppose -3*o = c*t + 9, 2*t - 17 = -o + 7*t. Let s(n) = n**3 - n - 2. Give s(o).
4
Let z(d) = -47*d**2 + 105*d**2 - 2*d - 10*d + 103 - 55*d**2 - 86. Determine z(5).
32
Let c = -158 - -163. Suppose 5*z + 4*j - 7*j = -16, 2*z - c*j = -14. Let a(d) = d**3 + d**2 - 4*d - 3. Calculate a(z).
1
Let d(q) be the first derivative of -q**2 + q - 2. Let h(g) = g - 129. Let m be h(34). Let x = 94 + m. Give d(x).
3
Let w(x) = -x - 14. Let j(r) be the first derivative of r**2/2 + 17*r - 58. Let d(v) = -5*j(v) - 6*w(v). Give d(-5).
-6
Let r(f) = -495 + 508 + 2*f**2 - f**2 - 8*f + f**2. Calculate r(2).
5
Let s(r) = -7*r - 562. Let v(g) = -5*g - 368. Let o(a) = 5*s(a) - 8*v(a). What is o(-27)?
-1
Let b(d) be the second derivative of d**5/20 - 3*d**4/4 - d**3/3 + 13*d**2/2 + 6*d + 36. What is b(9)?
-5
Suppose 0 = -34*q - 35*q - 19*q - 88. Let y(t) = 4*t**3 + 2*t**2 + t. Calculate y(q).
-3
Suppose -307*w - 800 = -387*w. Let k(y) = -2*y**2 + 24*y - 14. Determine k(w).
26
Let o(d)